{"id":265,"date":"2019-02-20T10:51:24","date_gmt":"2019-02-20T10:51:24","guid":{"rendered":"http:\/\/scheidung-harmonisch.de\/?page_id=265"},"modified":"2019-02-20T10:54:48","modified_gmt":"2019-02-20T10:54:48","slug":"allgemeines","status":"publish","type":"page","link":"https:\/\/scheidung-harmonisch.de\/?page_id=265","title":{"rendered":"Allgemeines"},"content":{"rendered":"\n<p><strong>Gut zu wissen:<\/strong><\/p>\n\n\n\n<p>Die Einleitung des Scheidungsverfahrens vor Gericht setzt nach unserer Rechtslage zumindest den Ablauf des einj\u00e4hrigen sogenannten <strong>Trennungsjahres<\/strong> voraus.<\/p>\n\n\n\n<p>Dies bedeutet, die Ehepartner m\u00fcssen vor Einreichung des Scheidungsantrags bei Gericht mindestens seit einem Jahr getrennt im Sinne des Gesetzes leben. Etwas einfacher formuliert spricht man hier von einer <strong>&#8222;Trennung von Tisch und Bett&#8220;<\/strong>!<\/p>\n\n\n\n<p>Dies bedeutet im einzelnen, dass s\u00e4mtliche Besorgungen des t\u00e4glichen Lebens, also Lebensmitteleink\u00e4ufe sowie Eink\u00e4ufe s\u00e4mtlicher anderer Gebrauchsgegenst\u00e4nde getrennt voneinander zu erfolgen haben. Auch eine getrennte Kontenf\u00fchrung sowie insgesamt ein getrenntes finanzielles Wirtschaften sind bereits erforderlich w\u00e4hrend dieser Zeit. Sofern die Ehepartner zun\u00e4chst beide noch gemeinsamen in der ehelichen Wohnung verbleiben, sind getrennte Schlafzimmer zu beziehen, die sogenannten gemeinschaftlich genutzten R\u00e4umlichkeiten wie beispielsweise Bad, Toilette, K\u00fcche und Waschk\u00fcche sind getrennt voneinander zu benutzen, im Zweifelsfall sogar zeitversetzt nach einem abgestimmten Zeitplan. Praktisch gesehen hei\u00dft dies u.a., jeder kocht f\u00fcr sich selbst und w\u00e4scht seine eigene W\u00e4sche. Sofern gemeinsame Kinder mit zum Haushalt geh\u00f6ren, k\u00f6nnen im Sinne des Kindeswohles z.B. an den Wochenenden gemeinsame Mahlzeiten eingenommen werden wie das sonnt\u00e4gliche Familienfr\u00fchst\u00fcck etc., nat\u00fcrlich nur sofern dies ohne weitere Konflikte und einvernehmlich miteinander m\u00f6glich ist.<\/p>\n\n\n\n<p>Die genannten praktischen Voraussetzungen sind zwingend einzuhalten, sofern quasi &#8222;unter einem Dach&#8220; das Trennungsjahr (zumindest anf\u00e4nglich) durchgef\u00fchrt werden soll. Zieht hingegen einer der Ehepartner aus der ehelichen Wohnung aus, d\u00fcrften sich die genannten Punkten bereits automatisch ergeben. Bis auf eine getrennte Kontenf\u00fchrung ist in diesem Fall meist nichts weiter zu veranlassen. <\/p>\n\n\n\n<p>Sollte zudem die Problematik der Nachweisf\u00fchrung hinsichtlich des Trennungsjahres bestehen, ist es im Einzelfall unter Umst\u00e4nden ratsam, dieses gegen\u00fcber dem jeweils anderen Ehepartner mit einem anwaltlichen Schreiben verbindlich zeitlich und von den einzuhaltenden Voraussetzungen her anzuzeigen. <\/p>\n\n\n\n<p><strong>Gerne helfen wir hier weiter!<\/strong><\/p>\n","protected":false},"excerpt":{"rendered":"<p>Gut zu wissen: Die Einleitung des Scheidungsverfahrens vor Gericht setzt nach unserer Rechtslage zumindest den Ablauf des einj\u00e4hrigen sogenannten Trennungsjahres voraus. Dies bedeutet, die Ehepartner m\u00fcssen vor Einreichung des Scheidungsantrags bei Gericht mindestens seit einem Jahr getrennt im Sinne des Gesetzes leben. Etwas einfacher formuliert spricht man hier von einer &#8222;Trennung von Tisch und Bett&#8220;! <a class=\"more-link\" href=\"https:\/\/scheidung-harmonisch.de\/?page_id=265\">Continue reading <i class=\"fa fa-chevron-right\"><\/i><\/a><\/p>\n","protected":false},"author":1,"featured_media":0,"parent":0,"menu_order":0,"comment_status":"closed","ping_status":"closed","template":"","meta":[],"_links":{"self":[{"href":"https:\/\/scheidung-harmonisch.de\/index.php?rest_route=\/wp\/v2\/pages\/265"}],"collection":[{"href":"https:\/\/scheidung-harmonisch.de\/index.php?rest_route=\/wp\/v2\/pages"}],"about":[{"href":"https:\/\/scheidung-harmonisch.de\/index.php?rest_route=\/wp\/v2\/types\/page"}],"author":[{"embeddable":true,"href":"https:\/\/scheidung-harmonisch.de\/index.php?rest_route=\/wp\/v2\/users\/1"}],"replies":[{"embeddable":true,"href":"https:\/\/scheidung-harmonisch.de\/index.php?rest_route=%2Fwp%2Fv2%2Fcomments&post=265"}],"version-history":[{"count":2,"href":"https:\/\/scheidung-harmonisch.de\/index.php?rest_route=\/wp\/v2\/pages\/265\/revisions"}],"predecessor-version":[{"id":270,"href":"https:\/\/scheidung-harmonisch.de\/index.php?rest_route=\/wp\/v2\/pages\/265\/revisions\/270"}],"wp:attachment":[{"href":"https:\/\/scheidung-harmonisch.de\/index.php?rest_route=%2Fwp%2Fv2%2Fmedia&parent=265"}],"curies":[{"name":"wp","href":"https:\/\/api.w.org\/{rel}","templated":true}]}}